git of 313581?
3
What is the millions digit of 10707523?
0
What is the units digit of 5110831?
1
What is the ten thousands digit of 556913?
5
What is the ten thousands digit of 325225?
2
What is the tens digit of 5697465?
6
What is the hundreds digit of 251823?
8
What is the units digit of 1231570?
0
What is the thousands digit of 642020?
2
What is the tens digit of 1930116?
1
What is the millions digit of 2989415?
2
What is the units digit of 2150899?
9
What is the hundred thousands digit of 290472?
2
What is the thousands digit of 19839?
9
What is the tens digit of 13391954?
5
What is the hundreds digit of 11512788?
7
What is the thousands digit of 43003082?
3
What is the units digit of 16110153?
3
What is the ten thousands digit of 159946?
5
What is the units digit of 227220?
0
What is the units digit of 1608445?
5
What is the millions digit of 3617080?
3
What is the thousands digit of 1524081?
4
What is the thousands digit of 14496152?
6
What is the tens digit of 4092555?
5
What is the tens digit of 511241?
4
What is the tens digit of 129822?
2
What is the ten thousands digit of 2655685?
5
What is the hundred thousands digit of 6429925?
4
What is the hundred thousands digit of 262300?
2
What is the hundreds digit of 1201137?
1
What is the thousands digit of 1912907?
2
What is the ten thousands digit of 11397379?
9
What is the units digit of 406774?
4
What is the tens digit of 236992?
9
What is the hundred thousands digit of 194896?
1
What is the tens digit of 155221?
2
What is the thousands digit of 73443?
3
What is the millions digit of 12497065?
2
What is the hundred thousands digit of 10514523?
5
What is the hundreds digit of 1319150?
1
What is the ten thousands digit of 12724381?
2
What is the tens digit of 74883?
8
What is the thousands digit of 28439?
8
What is the millions digit of 6853072?
6
What is the hundreds digit of 23955408?
4
What is the thousands digit of 6765795?
5
What is the hundred thousands digit of 39146952?
1
What is the ten thousands digit of 197017?
9
What is the hundreds digit of 690179?
1
What is the ten thousands digit of 613889?
1
What is the thousands digit of 1009184?
9
What is the tens digit of 768252?
5
What is the thousands digit of 4463102?
3
What is the tens digit of 19861?
6
What is the ten thousands digit of 332878?
3
What is the thousands digit of 360665?
0
What is the millions digit of 1336909?
1
What is the ten thousands digit of 1495729?
9
What is the thousands digit of 118763?
8
What is the millions digit of 6380412?
6
What is the ten millions digit of 25494752?
2
What is the ten thousands digit of 10351928?
5
What is the units digit of 7891966?
6
What is the millions digit of 1893308?
1
What is the millions digit of 9809567?
9
What is the ten thousands digit of 1812364?
1
What is the hundred thousands digit of 261112?
2
What is the ten thousands digit of 106369?
0
What is the tens digit of 221576?
7
What is the millions digit of 7332511?
7
What is the tens digit of 8005120?
2
What is the thousands digit of 18413665?
3
What is the millions digit of 6651667?
6
What is the ten thousands digit of 750251?
5
What is the ten thousands digit of 485544?
8
What is the hundreds digit of 5399564?
5
What is the hundred thousands digit of 2111132?
1
What is the units digit of 12188650?
0
What is the units digit of 665870?
0
What is the hundreds digit of 4869060?
0
What is the hundreds digit of 43269?
2
What is the hundred thousands digit of 1852241?
8
What is the thousands digit of 124608?
4
What is the thousands digit of 400796?
0
What is the hundreds digit of 812227?
2
What is the ten thousands digit of 102229?
0
What is the thousands digit of 658254?
8
What is the thousands digit of 225670?
5
What is the ten thousands digit of 120335?
2
What is the tens digit of 2040084?
8
What is the ten thousands digit of 22957137?
5
What is the ten thousands digit of 115939?
1
What is the hundreds digit of 442496?
4
What is the ten thousands digit of 84660?
8
What is the hundreds digit of 12271125?
1
What is the ten thousands digit of 10678472?
7
What is the hundred thousands digit of 1797767?
7
What is the hundreds digit of 697311?
3
What is the hundreds digit of 1962090?
0
What is the hundreds digit of 725515?
5
What is the thousands digit of 2106960?
6
What is the millions digit of 1476828?
1
What is the ten thousands digit of 563880?
6
What is the tens digit of 8594206?
0
What is the ten thousands digit of 33123?
3
What is the millions digit of 2238051?
2
What is the hundred thousands digit of 6960119?
9
What is the thousands digit of 16867331?
7
What is the thousands digit of 16821738?
1
What is the ten thousands digit of 22696308?
9
What is the ten thousands digit of 18137?
1
What is the tens digit of 21061367?
6
What is the thousands digit of 523192?
3
What is the ten thousands digit of 148069?
4
What is the ten thousands digit of 22805712?
0
What is the tens digit of 67374?
7
What is the units digit of 349746?
6
What is the thousands digit of 4338321?
8
What is the thousands digit of 5537406?
7
What is the units digit of 4261763?
3
What is the thousands digit of 699261?
9
What is the hundreds digit of 8367693?
6
What is the thousands digit of 2270519?
0
What is the thousands digit of 940938?
0
What is the hundreds digit of 1393681?
6
What is the thousands digit of 659936?
9
What is the tens digit of 320533?
3
What is the millions digit of 10786300?
0
What is the units digit of 2962938?
8
What is the ten thousands digit of 245202?
4
What is the millions digit of 2984272?
2
What is the tens digit of 1332089?
8
What is the hundreds digit of 4121268?
2
What is the tens digit of 547738?
3
What is the hundreds digit of 1288409?
4
What is the millions digit of 3928617?
3
What is the tens digit of 280648?
4
What is the thousands digit of 278851?
8
What is the ten millions digit of 23720566?
2
What is the millions digit of 5053551?
5
What is the tens digit of 184606?
0
What is the tens digit of 736041?
4
What is the hundreds digit of 262503?
5
What is the units digit of 3968801?
1
What is the millions digit of 13703788?
3
What is the tens digit of 361832?
3
What is the tens digit of 435745?
4
What is the hundred thousands digit of 408059?
4
What is the ten thousands digit of 25833902?
3
What is the ten thousands digit of 11550296?
5
What is the thousands digit of 221376?
1
What is the hundreds digit of 479709?
7
What is the tens digit of 7039358?
5
What is the hundred thousands digit of 843754?
8
What is the hundreds digit of 2151724?
7
What is the thousands digit of 142490?
2
What is the units digit of 31848509?
9
What is the hundred thousands digit of 466313?
4
What is the hundred thousands digit of 943730?
9
What is the thousands digit of 2115967?
5
What is the thousands digit of 9378638?
8
What is the units digit of 373218?
8
What is the tens digit of 12636902?
0
What is the thousands digit of 387209?
7
What is the hundreds digit of 304897?
8
What is the tens digit of 2285480?
8
What is the hundred thousands digit of 605367?
6
What is the hundred thousands digit of 696658?
6
What is the millions digit of 2808444?
2
What is the units digit of 341057?
7
What is the tens digit of 8216599?
9
What is the tens digit of 5276852?
5
What is the units digit of 306575?
5
What is the units digit of 174520?
0
What is the thousands digit of 3198163?
8
What is the units digit of 3638254?
4
What is the thousands digit of 12988052?
8
What is the thousands digit of 3222483?
2
What is the ten thousands digit of 5351989?
5
What is the thousands digit of 109561?
9
What is the units digit of 6253767?
7
What is the ten thousands digit of 768333?
6
What is the hundred thousands digit of 554517?
5
What is the tens digit of 5428633?
3
What is the hundreds digit of 2944?
9
What is the tens digit of 824379?
7
What is the millions digit of 1486274?
1
What is the thousands digit of 637660?
7
What is the hundreds digit of 404753?
7
What is the units digit of 174818?
8
What is the thousands digit of 2471852?
1
What is the tens digit of 2591878?
7
What is the units digit of 16967784?
4
What is the units digit of 89799?
9
What is the thousands digit of 1616267?
6
What is the tens digit of 3422117?
1
What is the millions digit of 2617535?
2
What i